i + 82213. Calculate x(-74).
-1
Let s(v) = 127*v**3 - 636*v**2 + 243*v - 1237. What is s(5)?
-47
Let g(h) = -h**2 + 1182*h + 42626. Give g(-35).
31
Let d(z) = -835592*z - 35094860. What is d(-42)?
4
Let z(o) = -37424*o + 5613593. What is z(150)?
-7
Let h(c) = 13*c**2 - 534*c - 3113. Determine h(-6).
559
Let a(s) = -s**3 + 102*s**2 - 2306*s - 3669. Determine a(37).
-6
Let q(g) = 971*g**2 - 12604*g - 201. Calculate q(13).
46
Let j(i) = i**3 - 32*i**2 + 234*i - 691. Determine j(24).
317
Let u(x) = x**3 + 35*x**2 + 21*x + 1261. Determine u(-36).
-791
Let f(a) = -2865*a - 77304. What is f(-27)?
51
Let w(p) = -49*p**2 - 10732*p - 10870. What is w(-218)?
30
Let k(m) = -5*m**3 + 2*m**2 - 3036*m + 3035. Determine k(1).
-4
Let y(g) = -3*g**2 - 477*g - 18919. Calculate y(-80).
41
Let o(u) = 4296*u - 115991. Determine o(27).
1
Let w(u) = -39*u**2 - 932*u - 169. Give w(-24).
-265
Let i(z) = 255*z**2 - 80328*z + 937. Give i(315).
-8
Let k(q) = -9*q**3 + 3*q**2 + 81*q + 134. Calculate k(-2).
56
Let g(b) = -2*b**3 + 108*b**2 + 8*b - 635. Give g(54).
-203
Let g(j) = -436*j**3 - 4*j**2 + 105*j - 103. Calculate g(1).
-438
Let c(d) = d**3 - 27*d**2 - 320*d + 8220. Give c(28).
44
Let c(t) = -55*t**2 + 2607*t + 1572. What is c(48)?
-12
Let z(x) = -641*x + 183314. Determine z(286).
-12
Let p(z) = -2876*z - 1233798. Give p(-429).
6
Let h(i) = -i**2 - 3410*i - 34050. Calculate h(-10).
-50
Let t(d) = -d**2 + 80*d - 1164. Determine t(40).
436
Let t(q) = q**2 - 215*q + 11188. Calculate t(123).
-128
Let q(n) = -6*n**3 - 97*n**2 - 3985*n - 81838. What is q(-19)?
14
Let z(o) = -2*o**3 - 26*o**2 + 49*o + 1065. Determine z(-5).
420
Let w(g) = -204*g**2 - 1082*g + 21. Determine w(-4).
1085
Let s(b) = 3*b**2 - 93*b - 2530. Determine s(-19).
320
Let p(b) = 3*b**3 + 65*b**2 - 968*b + 81. Determine p(10).
-99
Let b(l) = 19*l**2 + 13508*l - 27808. Determine b(-713).
-1
Let d(z) = -6*z**3 + 91*z**2 - 2309*z + 38218. Give d(16).
-6
Let j(u) = -82*u + 11633. Calculate j(152).
-831
Let c(a) = a**3 + 16*a**2 + 9187*a + 128208. Calculate c(-14).
-18
Let s(k) = -317*k - 6084. Calculate s(-10).
-2914
Let p(j) = 2*j**3 - 23*j**2 - 120064*j + 1440624. Calculate p(12).
0
Let c(r) = 900*r - 267415. What is c(297)?
-115
Let h(a) = -1126*a**2 + 67561*a - 99. Determine h(60).
-39
Let d(t) = -45283*t - 407536. What is d(-9)?
11
Let f(w) = -w**2 + 21*w + 28380. What is f(-158)?
98
Let b(z) = -21*z**2 + 5369*z + 16174. Give b(-3).
-122
Let g(y) = -40464*y + 3277503. Determine g(81).
-81
Let j(d) = 28*d**2 - 268*d + 56. What is j(9)?
-88
Let z(a) = -a**3 - 46*a**2 + 546*a + 1872. What is z(12)?
72
Let n(q) = -1320*q - 413154. Give n(-313).
6
Let u(z) = 2*z**3 - 23*z**2 + 92*z - 120. Give u(3).
3
Let f(v) = -v**3 - 110*v**2 - 2541*v - 113. Determine f(-77).
-113
Let l(g) = -2*g**3 - 158092*g**2 + 948603*g + 125. Determine l(6).
-1
Let g(s) = -109*s + 11537. Calculate g(105).
92
Let g(p) = -4*p**2 - 395*p - 3979. Calculate g(-10).
-429
Let f(c) = 2*c**3 + 99*c**2 + 144*c + 9686. Calculate f(-50).
-14
Let s(y) = y**2 + 311*y - 15691. What is s(42)?
-865
Let d(j) = 15*j**3 - 520*j**2 + 166*j - 11920. What is d(35)?
15
Let t(x) = 2307*x + 19906. Give t(-9).
-857
Let y(k) = -8*k**3 - 241*k**2 - 1703*k + 113. Calculate y(-19).
341
Let i(g) = -4*g**2 + 217*g - 180. Give i(54).
-126
Let m(a) = 219*a - 11539. What is m(54)?
287
Let b(y) = -17621*y - 211294. Give b(-12).
158
Let o(k) = 4*k**2 - 1200*k - 1287. Calculate o(301).
-83
Let o(d) = 81*d - 12272. What is o(149)?
-203
Let n(u) = -u**2 + 395250*u + 1976264. What is n(-5)?
-11
Let t(c) = 181*c - 39145. Give t(224).
1399
Let r(y) = y**3 + 55*y**2 - 443*y + 4. Calculate r(7).
-59
Let o(x) = -x**2 - 267*x - 17534. Give o(-118).
48
Let r(c) = -2*c**2 + 163*c - 2628. Calculate r(37).
665
Let f(z) = -13*z**2 - 178*z + 2. Determine f(-16).
-478
Let x(b) = -185*b**2 - 527*b + 98. Determine x(-3).
14
Let x(w) = -w**3 - 50*w**2 - 1866*w - 93375. Calculate x(-50).
-75
Let q(t) = 3823*t + 38253. Determine q(-10).
23
Let t(r) = -530*r - 233. Calculate t(-3).
1357
Let v(d) = 19496*d + 506922. Determine v(-26).
26
Let p(n) = 650*n + 44330. Calculate p(-68).
130
Let n(x) = -12802*x + 102446. What is n(8)?
30
Let a(d) = -5990*d + 53964. Calculate a(9).
54
Let m(i) = -782288*i - 10169764. Determine m(-13).
-20
Let q(f) = -2157*f - 10843. Give q(-5).
-58
Let l(r) = -681*r - 3731. Calculate l(-5).
-326
Let g(j) = -1120*j - 9139. What is g(-8)?
-179
Let m(s) = 2693*s + 167003. What is m(-62)?
37
Let z(g) = -3*g**3 - 248*g**2 - 3299*g + 127. Determine z(-66).
61
Let g(i) = 2*i**3 + 4*i**2 - 26*i + 69. Give g(8).
1141
Let s(h) = 3*h**3 + 4*h**2 + 35322*h + 141307. Give s(-4).
-109
Let h(g) = g**3 - 28*g**2 - 308*g + 9574. Calculate h(25).
-1
Let w(f) = f**3 - 120*f**2 + 3532*f + 216. Give w(52).
8
Let a(r) = 4*r**3 + 15*r**2 - 67*r - 90. Give a(6).
912
Let n(f) = 22*f**2 - 41*f - 108. What is n(-2)?
62
Let k(j) = 437*j - 302859. What is k(693)?
-18
Let u(x) = 245*x**2 + 33*x - 75. Calculate u(2).
971
Let a(c) = -c**3 + 33*c**2 - 22*c - 17. Calculate a(10).
2063
Let q(l) = -164*l + 2968. What is q(18)?
16
Let w(a) = 2*a**3 - 220*a**2 + 2741*a - 249370. Determine w(108).
2
Let q(j) = 27*j**2 - 2236*j + 6095. Determine q(80).
15
Let a(o) = 268*o + 6206. Calculate a(-20).
846
Let v(w) = 14*w**2 + 2854*w + 16596. What is v(-6)?
-24
Let x(q) = 7*q**2 - 822*q + 15703. Calculate x(24).
7
Let c(m) = -25*m**3 + 24174*m**2 + 968*m - 970. Calculate c(967).
-3
Let a(g) = -41854*g - 334812. Determine a(-8).
20
Let b(y) = 6*y**3 + 66*y**2 - 20*y - 223. Calculate b(-11).
-3
Let h(m) = -m**3 - 48*m**2 + 151*m - 118. What is h(-51)?
-16
Let d(f) = f**3 + 133*f**2 + 3162*f - 564. Calculate d(-102).
-564
Let x(m) = -2*m**2 - 1338*m - 84893. Give x(-71).
23
Let r(l) = 2791*l + 13669. Give r(-5).
-286
Let s(r) = -1963*r + 475051. Determine s(242).
5
Let j(n) = n**3 + 9*n**2 - 534*n + 141. What is j(19)?
103
Let f(w) = -2*w**3 - 135*w**2 + 1912*w - 36. Give f(12).
12
Let h(t) = -2*t**3 - 103*t**2 + 696*t + 3544. Give h(9).
7
Let s(q) = -71*q + 31922. Calculate s(437).
895
Let l(j) = j**3 - 28*j**2 + 421*j - 3424. What is l(15)?
-34
Let n(z) = -2*z**2 + 840*z - 10682. Calculate n(13).
-100
Let r(s) = -4*s**3 - 300*s**2 + 1271*s + 551. Determine r(-79).
-2
Let u(c) = 1219*c - 824040. Give u(676).
4
Let j(g) = 3*g**2 - 321*g - 1646. Give j(114).
748
Let n(j) = 15*j**2 - 247*j - 1286. Calculate n(-4).
-58
Let a(b) = -b**2 - 16*b + 4976. Determine a(-75).
551
Let i(p) = 3*p**3 - 26*p**2 - 14*p + 148. Calculate i(12).
1420
Let h(m) = 2*m**3 + 23*m**2 - 17*m + 81. Calculate h(-11).
389
Let v(z) = -323*z + 54268. Determine v(168).
4
Let d(k) = -14*k**2 + 157*k + 900. Determine d(14).
354
Let a(y) = 264*y**2 - 19272*y - 69. What is a(73)?
-69
Let j(u) = -2*u**3 - 169*u**2 + 2231*u + 169661. Determine j(-86).
-17
Let g(z) = 99*z**2 + 5156*z - 53855. Give g(-61).
8
Let w(i) = -12*i**2 + 1178*i - 762. What is w(99)?
-1752
Let r(f) = -445*f - 9074. Calculate r(-25).
2051
Let t(q) = -183*q**2 - 766*q - 48. Give t(-4).
88
Let c(o) = 29*o**2 - 821*o - 103. Determine c(28).
-355
Let v(p) = -3*p**3 - 107*p**2 - 86*p - 378. Calculate v(-35).
182
Let i(o) = -4*o**3 + 233*o**2 + 1544*o + 12. Calculate i(-6).
0
Let y(t) = 3300*t + 181441. Calculate y(-55).
-59
Let i(j) = -j**3 + 53*j**2 - 1236*j + 69463. What is i(54)?
-197
Let m(g) = -g**3 + 84*g**2 - 1279*g - 367. Give m(64).
-303
Let j(u) = -2*u**3 - 94*u**2 - 30*u - 4187. What is j(-48)?
1861
Let b(m) = 2*m**3 - 66*m**2 + 529*m + 62. What is b(19)?
5
Let y(b) = b**3 - 175*b**2 - 4111*b + 30. Give y(-21).
-75
Let x(v) = -31743*v - 698352. Calculate x(-22).
-6
Let x(d) = -2*d**3 - 441*d**2 + 19942*d - 336. Calculate x(-259).
-77
Let s(n) = n**2 - 6361*n + 177308. Calculate s(28).
-16
Let y(n) = n**3 + 25*n**2 + 314*n + 4275. Give y(-13).
2221
Let q(w) = 5*w**2 + 7506*w - 37678. Calculate q(5).
-23
Let j(t) = -2*t**2 - 2820*t - 19672. Determine j(-7).
-30
Let j(c) = c**2 - 1766369*c + 5299094. Determine j(3).
-4
Let w(a) = 272*a + 10122. Calculate w(-35).
602
Let d(q) = q**3 + 88*q**2 - 1084*q + 25. Calculate d(10).
-1015
Let u(g) = 20*g - 558. Give u(29).
22
Let k(o) = 1509*o + 4374. What is k(-3)?
-153
Let u(n) = n**3 - 317*n**2 + 237*n + 123622. Determine u(315).